hen u(48) is divided by 48?
26
Let c(o) = -3 + 4 + 1 + 3*o + 16*o. Let q be c(-1). Let a = 7 - q. What is the remainder when 47 is divided by a?
23
Let w = -6692 + 11230. Calculate the remainder when w is divided by 303.
296
Let q(c) = c**2 - 7*c + 11. Let y be q(6). Suppose y*s - 64 = u, -s + 22 - 4 = 5*u. What is the remainder when (-4224)/(-112) + 2/7 is divided by s?
12
Let j = 20782 - 17211. Calculate the remainder when j is divided by 8.
3
Let c(w) = 900*w - 2348. Calculate the remainder when c(23) is divided by 322.
320
Let t be (-4 + 2)/(8/(-12)). Suppose -4*o - t*n + 42 = 0, 2*o - 3*n - 26 = -2*n. What is the remainder when 297 is divided by o?
9
Suppose -t = -4 + 10. What is the remainder when 82 is divided by -4 - (-15 + 0 + t)?
14
Let k = 421 + 74. What is the remainder when k is divided by 32?
15
Let m = 6 + 34. Let a(x) = -15*x - 216. Calculate the remainder when a(-19) is divided by m.
29
Suppose -18*o + 24 = -12*o. Suppose 5*l - 340 = -o*g, -66 = -l + 3*g + 2. What is the remainder when l is divided by 8?
4
Let f = -4675 + 4955. What is the remainder when f is divided by 48?
40
Suppose 2*j - 4*j - 60 = 0. Let u = -14 - j. Let i = 78476 - 78472. Calculate the remainder when u is divided by i.
0
Let v(u) = -u**3 + 5*u**2 + 10*u - 8. Suppose 3660 = 20*p - 15*p. Suppose 18*k - 30*k = -p. Calculate the remainder when k is divided by v(6).
13
Suppose 281*k = 289*k - 32. Calculate the remainder when 530 is divided by k.
2
Let v(i) = -12 - 5 - 290*i + 108*i + 5. Let d be v(-2). Let u = d + -197. Calculate the remainder when u is divided by 12.
11
Let v(n) = 9*n - 179. Let s be v(21). What is the remainder when 95 is divided by 9*s/45*6?
11
Let b(u) = -12*u**2 + 299*u + 76. Calculate the remainder when b(24) is divided by 24.
4
Let h = 301 + -243. Suppose 21*p = 20*p + 230. Calculate the remainder when p is divided by h.
56
Let l = -179 + 167. What is the remainder when 48 is divided by 4/((-28)/(-35)) - l?
14
Calculate the remainder when ((-256)/(-30) + (-10)/50)/((-1)/(-117)) is divided by 32.
15
What is the remainder when 4016 is divided by 4 + ((-5)/(-1) - 1) - -74?
80
Suppose -6552 = -12*i - 105*i. What is the remainder when 296 is divided by i?
16
Let z be 7 - ((-28)/(-154) + (-40)/(-22)). Suppose 0 = a - 5*a + 676. Suppose -z*g + 11 = -a. Calculate the remainder when 107 is divided by g.
35
Suppose -3*w + w = a - 2172, -4*w = -a + 2178. Suppose 3*z - 23 = -2*u + 38, 0 = -3*u + 2*z + 59. What is the remainder when a/16 - (-7)/56 is divided by u?
21
Suppose -4*c = -2*c + 44. Let x = -23 + c. Let q = x - -106. What is the remainder when q is divided by 16?
13
Let j be -4 - 3*(-4 - -27). Let z = j + 43. Calculate the remainder when 46 is divided by z/15*(-7)/((-14)/(-24)).
22
Let q = -313 + 313. Suppose 7*w + 1 - 141 = q. What is the remainder when 137 is divided by w?
17
Let i(b) = -2*b**2 - 136*b - 512. Calculate the remainder when 884 is divided by i(-62).
188
Suppose 6920 = -55*a + 8018 + 10727. Calculate the remainder when a is divided by 117.
98
Suppose 0*g - 1365 = -13*g. Suppose 8*h - 11*h + 111 = 0. Calculate the remainder when g is divided by h.
31
Let r = -51218 - -51317. Let b(n) = -n**3 + 5*n**2 + 5*n + 6. What is the remainder when r is divided by b(5)?
6
Let u(a) = 61*a. Let f be ((-1)/(-3))/((-102)/36 + 3). What is the remainder when u(1) is divided by (19/5 - f)/(15/75)?
7
Let j = 41694 - 28796. Calculate the remainder when j is divided by 43.
41
Suppose 5*g - 3*s - 221 = 0, 3*s - 5*s = -3*g + 132. Calculate the remainder when 236 is divided by g.
6
Let c = 299 - 295. Suppose 3*r = c*j - 75, r = j - 30 + 10. Calculate the remainder when 100 is divided by j.
10
Suppose 9*w - 130 + 31 = 0. Calculate the remainder when 42*-1*18/(-12) is divided by w.
8
Let a(x) = x**3 - 49*x**2 + 547*x + 88. What is the remainder when a(32) is divided by 24?
16
Let p = 43 + -36. Let m(g) = 5*g + 20. Let i(s) = 14*s + 61. Let t(x) = 4*i(x) - 11*m(x). What is the remainder when t(-11) is divided by p?
6
Let m = 1568 - 1535. Calculate the remainder when 310 is divided by m.
13
What is the remainder when 351/(1/1) + 18 is divided by 156?
57
What is the remainder when 808 is divided by (3 + -1)*5 + 0*(-11)/(-253)?
8
Let s = -10 - -49. Let a(p) be the second derivative of p**3/3 + 11*p**2 - 3*p - 13. What is the remainder when s is divided by a(-6)?
9
Suppose -7*i - 16 = -30. Suppose 0 = s - 2*y - 30, -20 = -i*s - 9*y + 5*y. What is the remainder when 72 is divided by s?
12
Let u(i) = -6*i**2 + 42*i + 5. Let z be u(7). Let v = z + 2. Let g(r) = 5*r - 26. What is the remainder when g(v) is divided by 3?
0
Let c = 0 - -1. Suppose 0 = 2*s - 83 + c. Calculate the remainder when s is divided by (-75)/(-5) + -3 + -1.
8
Suppose -3*q = -2*y + 61, -5*y - 28 - 15 = q. Suppose 25*h = 24*h + 36. Let t = h + q. Calculate the remainder when 90 is divided by t.
12
Let s be (-2 - (-4)/10)/(2/(-5)). Suppose -6*c + s*c + 4*x = -80, -5*x = -2*c + 79. What is the remainder when c is divided by 8?
2
Let j be (-8)/(-6)*3*1. Suppose 3*l + 3 = j*l. Calculate the remainder when (-27)/63 - 29*(-51)/119 is divided by l.
0
Let o = 10809 + -8191. What is the remainder when o is divided by 84?
14
Let o = -720 - -1102. Let j = -254 + o. Calculate the remainder when j is divided by 45.
38
Suppose 5*h + 23 = 5*o - 7, -2*o + h = -10. Let u(s) = -s**3 - 3*s**2 + 2*s + 1. Let l be u(-4). Calculate the remainder when (-2)/l + 249/27 is divided by o.
1
Suppose -2*a = -2*y - 2*y + 26, 0 = 5*a - y + 20. Calculate the remainder when (66/12 - 6)/(a/90) is divided by (-2 - -6)/(-2 - -3).
3
Let i be (-855)/60*(3 - 1)*2. Let c = i - -79. What is the remainder when 87 is divided by c?
21
Let t(o) be the first derivative of -o + 7/2*o**2 - 10 + 2*o**3. Calculate the remainder when t(-3) is divided by 11.
10
Let o = -39 - -43. Suppose -30 = -5*n + o*n + 5*j, -2*j + 60 = 2*n. Calculate the remainder when n is divided by 11.
8
Let x(d) = -43*d**3 + 4*d**2 + 3*d + 1. Let s(r) be the first derivative of 5*r**2/2 - r + 3. Calculate the remainder when x(-1) is divided by s(5).
21
Suppose -49*i + 19*i + 2700 = 0. Let v = -89 + i. What is the remainder when 10 is divided by v?
0
Suppose 5 = -o + 16. Suppose -2944 = -11*i - 777. Suppose 12*x + 3*d = 15*x - 129, 0 = -5*x - 4*d + i. Calculate the remainder when x is divided by o.
8
Let r = -42 + 99. Let z = r + -57. Suppose z = -23*t + 22*t + 2. What is the remainder when 5 is divided by t?
1
Suppose 964 = 4*b + 4*n, -2*b - 3*n + 668 = 189. Suppose 5*i = 10, w - 2*i = -w + b. What is the remainder when w is divided by 25?
24
Let a(n) = n**3 + 25*n**2 - 38*n + 41. Let l be a(-26). Suppose 0 = -34*c + 1781 - l. Calculate the remainder when 117 is divided by c.
33
Suppose -3*q = 4*d + 40, -52 - 20 = 5*q + 4*d. Let r(j) = 13*j + 220. What is the remainder when 26 is divided by r(q)?
2
Suppose 11*l - 6*l = -3780. Let b = l + 380. Let f = -252 - b. Calculate the remainder when f is divided by 21.
19
Let x = 138 + -134. Calculate the remainder when 69 is divided by (13/((-195)/10))/(x/(-126)).
6
Let s = 17426 + -16069. Calculate the remainder when s is divided by 151.
149
Let x = 39 + -25. Let a = x + -5. Suppose 100 = 5*l - 5*b, -5*l = -2*b - 14 - 74. What is the remainder when l is divided by a?
7
Let v be 1/(-3) - ((-3860)/6 - 2). Suppose -129 = -4*l - v. Let t = -112 - l. Calculate the remainder when t is divided by 6.
5
Let h be ((-12)/6)/((-1420)/(-472) + -3). Let n = -203 - h. What is the remainder when 228 is divided by n?
30
Let q(l) = 18*l**2 - l + 11. Let s be q(7). Suppose 7*w + s = 305. Let m = -75 - w. Calculate the remainder when 30 is divided by m.
6
Let c(d) = d**3 + 4*d**2 - 11*d - 26. Let l be c(-5). Suppose -936 = -4*o + l*x, 7*x - 936 = -4*o + 5*x. What is the remainder when o is divided by 59?
57
Suppose -12*l = 359 - 1187. Let u = -48 + l. What is the remainder when 76 is divided by u?
13
Suppose 0 = 3*o - 44 + 20. Let x be (-3 - -1) + 9/(-5 + o). What is the remainder when 23 is divided by -8*-1*(0 + x)?
7
Let z = -57261 + 57322. Suppose -2*a + 58 = -c + 6*c, -3*a + 2*c + 49 = 0. What is the remainder when z is divided by a?
4
Let c(d) = 3*d + 144. Let i(q) = -4*q - 146. Let n(g) = -3*c(g) - 4*i(g). What is the remainder when n(